7935950. What are the prime factors of f?
17, 1709
Let n = 121229 - 65324. What are the prime factors of n?
3, 5, 3727
What are the prime factors of (518 + 42/3)*44?
2, 7, 11, 19
Suppose -3*g + 16245 = 3*r, 7499 + 14126 = 4*g - 3*r. What are the prime factors of g?
2, 5, 541
Let v = -242 - -260. Suppose -2*w = -v*w + 11312. List the prime factors of w.
7, 101
Let v = 278 + -273. Suppose -2*d = -v*o - 763 + 203, 528 = 2*d + 3*o. What are the prime factors of d?
2, 3, 5
Suppose 0 = -4*o - 2*a + 11774, 0*o = -4*o - 3*a + 11777. What are the prime factors of o?
2, 1471
Let k(w) = -6*w**3 + w**2 - w + 2. Let r be k(3). Suppose 31*x - 36*x + 165 = 2*g, -5*g - 4*x = -421. Let q = g - r. List the prime factors of q.
239
Let w(y) = 95*y + 42. Let z be w(7). Let f = 1452 - z. What are the prime factors of f?
5, 149
Let f(t) = 619*t**2 + 7*t + 151. What are the prime factors of f(5)?
15661
What are the prime factors of 19/(171/15147) + 12/2?
3, 563
Suppose 4*r - 88 = x - 5*x, 5*r = 10. Suppose -1493 = -3*q + x*d - 24*d, 4*q - 2000 = 4*d. What are the prime factors of q?
499
Let v be 741/(-663) + (-4)/(-34). List the prime factors of v/((1/10)/(-1 - 16)).
2, 5, 17
Let u(v) = 27*v - 68. Let t(q) = 54*q - 134. Let r(n) = -4*t(n) + 9*u(n). What are the prime factors of r(15)?
7, 47
Suppose 8*s + s = 54. Let q be 2/6 - s*970/45. List the prime factors of (12/9)/((-2)/q).
2, 43
Suppose -23*i + 56949 = -171373 + 50141. List the prime factors of i.
61, 127
Let f(r) = 2*r**2 - r - 1. Let k(c) = -11*c**2 + 9*c + 1. Let s(a) = 3*f(a) + k(a). Let g be s(2). Let h(j) = -j**2 - 20*j - 14. List the prime factors of h(g).
2, 43
Let v = -11432 + 11436. Let o = 14 - 5. Suppose 0 = v*h + o*h - 1989. What are the prime factors of h?
3, 17
Let v(i) = i**2 - 4*i + 2. Let f be v(4). Let n(u) = -2 + 3*u**2 - 2*u - 2*u**2 + 8*u**f. List the prime factors of n(2).
2, 3, 5
Suppose -14*v + 3 = 3. Suppose v = 6*k + 129 - 1773. What are the prime factors of k?
2, 137
Let f(d) = 8*d**2 - 478*d + 270. What are the prime factors of f(-67)?
2, 3, 7, 29
Suppose -34*g + 30*g - 140 = 0. What are the prime factors of 4 + 126/g - (-5154)/15?
2, 43
Let p be (-1)/(4/((-256)/1)). Let d(g) = -p*g + 64*g + 2*g**3 - 3*g**3 + 3. List the prime factors of d(-2).
11
Let n(d) = d**3 - 2*d**2 + 2*d + 17703. What are the prime factors of n(0)?
3, 7, 281
Suppose 0 = 7*b - 12*b + 20. Suppose b*c - 161 = -x, 0 = -x - c + 34 + 133. List the prime factors of x.
13
Let m be 1/((30/(-6))/(-10)). Suppose -6*z + m*z = -364. Suppose 242 = 93*k - z*k. What are the prime factors of k?
11
Let g(s) = s**2 + s - 1. Let x(n) = 8*n**2 - 4*n + 9. Let r(m) = 3*g(m) + x(m). What are the prime factors of r(-5)?
2, 11, 13
Suppose 21*w = -7140 + 651719 - 77201. What are the prime factors of w?
2, 3, 19, 79
Let q(o) = 26*o**3 + 21*o**2 + 20*o + 37. List the prime factors of q(6).
6529
Let y be 1*4/16 + 195/20. List the prime factors of 90/y*(-1 + 20).
3, 19
Let s = -475 - -67. Let x = s - -142. Let r = -62 - x. List the prime factors of r.
2, 3, 17
List the prime factors of (3748 + -39)*(-1 + 2).
3709
Suppose 37*k - 48*k = -32461. Suppose -i - k = -3*g, -5*g + 0*g + 4*i + 4916 = 0. What are the prime factors of g?
2, 3, 41
Let p(w) = 200*w**2 - 24*w + 56. List the prime factors of p(3).
2, 223
Suppose 2*s = 19 - 15. Suppose -n - l - s*l = -9, -3*l + 45 = 3*n. Suppose 3*w - 222 = -n. What are the prime factors of w?
2, 17
Let p(v) = 3*v**2 - 26*v + 11. Let q be p(10). What are the prime factors of ((-544)/q)/((-1)/36)?
2, 3
Suppose 33*a - 28*a - 10 = 0. List the prime factors of (-4 - 7/a*-2) + 193.
2, 7
Suppose -r = 4*x - 522, 51*r - 49*r + 5*x = 1041. Suppose -5*m - 12*b = -9*b - 675, 4*m - 2*b - r = 0. List the prime factors of m.
2, 3, 11
Let t be ((-4)/6)/(-4 + 2954/738). What are the prime factors of 2279/3 - -1 - (-164)/t?
2, 5, 19
Suppose -2*x + 4 - 8 = 0. Let g be (0 + (-1)/(-3))*9 - x. Suppose 4*r + 465 = g*s, -3*s = -4*r - 132 - 139. What are the prime factors of s?
97
Let y(p) = -62*p + 241. What are the prime factors of y(-24)?
7, 13, 19
Suppose 567*d - 575*d + 128 = 0. Suppose t = -d + 21, 2*y - 5*t = 553. List the prime factors of y.
17
Suppose n - 2 = 0, 5*n - 17 - 3 = -2*l. Suppose -3*d - d + 40 = 5*c, -4*d + l*c = 0. Suppose -2*k - 228 = -d*k - 2*t, 0 = 2*t. List the prime factors of k.
2, 19
Suppose x = 3*m + 36802, -9*x = -14*x - 2*m + 184112. What are the prime factors of x?
2, 5, 7, 263
Let g(q) be the first derivative of -q**3/3 - 14*q - 18. Let o be g(-8). What are the prime factors of (o/10)/(18/135)*-2?
3, 13
What are the prime factors of 5/((-15)/(-60132)*4)?
5011
Let k(j) = 4*j**2 - 4*j - 3. Let a be (-4)/10*2 - 33/15. Let g be k(a). What are the prime factors of (g/20)/(2/16)?
2, 3
Suppose 335*u + 67*u - 5584688 = 2696914. List the prime factors of u.
3, 7, 109
Suppose 4*p - 5492 = 4*q, -5*q + 5987 = 5*p - 938. What are the prime factors of p?
7, 197
Let j(q) be the first derivative of 6*q**3 - 3*q**2/2 - 2*q + 65. List the prime factors of j(-5).
463
Suppose -6260 = 5*d + 5*d. Let j = -416 - d. What are the prime factors of j?
2, 3, 5, 7
List the prime factors of 18/39 - 23962126/(-1339).
2, 2237
Suppose 3*j + 58037 = u + 5*j, -2*j - 14 = 0. What are the prime factors of u?
7, 8293
Suppose 8264 = 64*o - 4152. Suppose 99 = -3*t - 222. Let k = t + o. What are the prime factors of k?
3, 29
Suppose 0 = 5*z - 3*x - 89008, 3*z = 7*x + 53840 - 430. List the prime factors of z.
7, 2543
Suppose 5*u - 8*u = -222. Let o = u + -59. Let y(i) = 2*i**2 - 27*i + 8. List the prime factors of y(o).
53
Suppose 11*b + 1314 - 6121 = 0. Suppose -r - 3*f = -4*f - b, 5*r - 3*f - 2191 = 0. List the prime factors of r.
2, 5, 11
Suppose -3*c - 2*i = -0*c + 169, -4*i - 118 = 2*c. Let s = 148 + c. What are the prime factors of s?
3, 31
Suppose 589*u + 26180 = 593*u. List the prime factors of u.
5, 7, 11, 17
Let d(z) = z + 4. Let n be (-13 - -8)/(2 - 1). Let c be d(n). List the prime factors of (1 + -4)*c + 14.
17
Suppose -5*q + 10 + 50 = 0. Let u(z) = 15*z - 8. Let j be u(q). Let i = 419 - j. List the prime factors of i.
13, 19
Let t(c) = -9*c**3 + 27*c**2 - 21*c + 6. Let f(b) = 16*b**3 - 53*b**2 + 44*b - 11. Let w(v) = 4*f(v) + 7*t(v). List the prime factors of w(23).
5, 7, 19
Let s(y) = 2*y + 29. Let o be s(-12). Suppose 0 = 2*q, -434 = 3*w - o*q - 1610. Let g = w + -234. List the prime factors of g.
2, 79
Suppose -k + 0*w = -3*w - 11, -5*w = -k + 17. Suppose k*u + 4*r = -2, 4*u + 3*r = 7*r + 44. Suppose 34 = o - u. List the prime factors of o.
41
Let d = 5254 + 1608. What are the prime factors of d?
2, 47, 73
Let b(c) = -5*c**2 + 5*c - 4. Let j be b(6). Let h be 5*(42/175)/((-3)/(-630)). Let i = j + h. What are the prime factors of i?
2, 7
Let x be 86/(-1)*(26 - 34). Let p = x - 227. What are the prime factors of p?
461
Let f(h) = -h**3 + 35*h**2 - 36*h - 216. Let l be f(30). Suppose 0 = -8*o + l + 2684. What are the prime factors of o?
2, 23
Suppose -2*f = 4*j - 862, 3*j - 2*f - 815 = -165. Suppose -j - 32 = -c. Let r = c - 80. List the prime factors of r.
2, 3, 7
Let x(v) = -45*v - 771. What are the prime factors of x(-36)?
3, 283
Let y(n) = -2*n**3 + 1. Let o be y(-1). Suppose 4*c - 803 = -3*t, 516 = 3*t - 4*c - 271. Suppose -o*p = t - 625. List the prime factors of p.
2, 3, 5
Let v(b) = 2*b**2 + 15*b + 9. Let l be 4*1*(-98)/56. Let s be v(l). Suppose -p - s*p = -4*z + 612, 0 = z - 3*p - 153. List the prime factors of z.
3, 17
Let q = 1031 + -679. Suppose 356*k - 4124 = q*k. What are the prime factors of k?
1031
Let r = 16010 - 4867. Suppose -r = 12*w - 23*w. List the prime factors of w.
1013
Let k(i) = 1. Let a(m) = 4*m - 1. Let n(l) = a(l) + 5*k(l). Let b be n(-2). List the prime factors of b + 1 - (304 + -4)/(-5).
3, 19
Let u(q) = q**3 - 12*q**2 + 28*q + 7. Let d be u(9). Suppose -2717 = -d*b + 739. What are the prime factors of b?
2, 3
Let l(u) = 7*u + 57. Let y be l(-8). List the prime factors of ((-4)/6)/((-3)/1098) + y.
5, 7
Let c be 5 + 6/(-1 - 29)*5. List the prime factors of (c/(-2))/(-6*17/20247).
397
Suppose 8*h - 3*h + 4320 = 0. Let k be 2/(-5) + 23/((-230)/h). Suppose 3*b = 265 + k. List the prime factors of b.
3, 13
Suppose -2*k + 46*p = 45*p - 27029, 4*k + 4*p - 54064 = 0. List the prime factors of k.